e factors of 96746116?
2, 17, 47, 30271
What are the prime factors of 14978384?
2, 19, 29, 1699
List the prime factors of 178651867.
4517, 39551
List the prime factors of 69465980.
2, 5, 23, 151013
What are the prime factors of 40531779?
3, 1501177
What are the prime factors of 69640286?
2, 34820143
List the prime factors of 2653093.
139, 19087
List the prime factors of 35715269.
19, 29, 53, 1223
What are the prime factors of 1328044253?
101, 13148953
What are the prime factors of 15292094?
2, 7646047
What are the prime factors of 42144934?
2, 13, 31, 52289
What are the prime factors of 21811996?
2, 127, 42937
What are the prime factors of 106280604?
2, 3, 19, 155381
What are the prime factors of 8496175390?
2, 5, 23, 41, 900973
What are the prime factors of 114707580?
2, 3, 5, 13, 199, 739
List the prime factors of 298479276.
2, 3, 881, 3137
List the prime factors of 696696319.
11, 29, 2184001
List the prime factors of 216266468.
2, 11, 4915147
List the prime factors of 233497918.
2, 269, 434011
What are the prime factors of 62104538?
2, 31052269
List the prime factors of 5061002522.
2, 83, 30487967
List the prime factors of 4333969892.
2, 7, 9817, 15767
What are the prime factors of 142848565?
5, 1307, 21859
List the prime factors of 776799297.
3, 86311033
List the prime factors of 328291979.
328291979
List the prime factors of 793035264.
2, 3, 7, 73757
List the prime factors of 2536096354.
2, 11, 211, 49667
What are the prime factors of 437448440?
2, 5, 11, 13, 31, 2467
What are the prime factors of 243499413?
3, 23, 1259, 2803
List the prime factors of 192797252.
2, 41, 53, 541
What are the prime factors of 1004422984?
2, 6841, 18353
What are the prime factors of 2066532575?
5, 173, 477811
What are the prime factors of 2563778989?
5879, 436091
List the prime factors of 3340132283.
131, 25497193
What are the prime factors of 4469692?
2, 311, 3593
What are the prime factors of 70989749?
263, 269923
What are the prime factors of 249408212?
2, 19, 3281687
List the prime factors of 920140879.
7, 131448697
List the prime factors of 754664988.
2, 3, 7, 11, 59, 109, 127
What are the prime factors of 1817748377?
1817748377
What are the prime factors of 231732358?
2, 11, 13, 810253
What are the prime factors of 214449061?
139, 1013, 1523
What are the prime factors of 57506422?
2, 28753211
List the prime factors of 3966904.
2, 347, 1429
What are the prime factors of 262057368?
2, 3, 67, 162971
What are the prime factors of 35599494?
2, 3, 7, 847607
List the prime factors of 1862398418.
2, 239, 3896231
What are the prime factors of 44665239?
3, 17, 51517
What are the prime factors of 2243741727?
3, 747913909
List the prime factors of 455055432.
2, 3, 13, 911, 1601
What are the prime factors of 42580759?
13, 71, 46133
List the prime factors of 305432986.
2, 163, 936911
What are the prime factors of 5650937925?
3, 5, 71, 103, 10303
List the prime factors of 24531759.
3, 7, 439, 887
What are the prime factors of 21731095?
5, 4346219
List the prime factors of 91428209.
19, 4812011
List the prime factors of 21434994.
2, 3, 7, 17, 10007
List the prime factors of 117395682.
2, 3, 19565947
List the prime factors of 198621327.
3, 66207109
List the prime factors of 327621074.
2, 11, 397, 37511
What are the prime factors of 4157321962?
2, 2078660981
What are the prime factors of 998226091?
47, 1289, 16477
List the prime factors of 4174337992.
2, 11, 47435659
What are the prime factors of 1999498488?
2, 3, 13, 2917
List the prime factors of 396995639.
396995639
What are the prime factors of 3466917597?
3, 11, 13, 509, 15877
What are the prime factors of 70444549?
7, 17, 367, 1613
What are the prime factors of 440926463?
440926463
What are the prime factors of 66049556?
2, 17, 59, 101, 163
What are the prime factors of 284018451?
3, 94672817
What are the prime factors of 8052900350?
2, 5, 11, 14641637
What are the prime factors of 69377799?
3, 17, 1360349
What are the prime factors of 43797029?
67, 653687
List the prime factors of 63633618.
2, 3, 17, 207953
What are the prime factors of 750350308?
2, 187587577
What are the prime factors of 1051636199?
23, 45723313
List the prime factors of 2025831884.
2, 89, 5690539
What are the prime factors of 59417974?
2, 7, 11, 385831
What are the prime factors of 58577238?
2, 3, 3254291
What are the prime factors of 298195567?
761, 391847
List the prime factors of 18549669.
3, 17, 363719
What are the prime factors of 9080316?
2, 3, 7, 12011
List the prime factors of 13526836.
2, 3381709
List the prime factors of 23549853.
3, 43, 311, 587
List the prime factors of 1550190604.
2, 4831, 80221
What are the prime factors of 163376965?
5, 32675393
List the prime factors of 44242.
2, 11, 2011
What are the prime factors of 856074360?
2, 3, 5, 337, 21169
List the prime factors of 332122024.
2, 13, 23, 43, 3229
List the prime factors of 1013962871.
1013962871
What are the prime factors of 2111819706?
2, 3, 101, 1161617
What are the prime factors of 296919770?
2, 5, 7, 4241711
List the prime factors of 37809184.
2, 7, 24113
List the prime factors of 300103478.
2, 103, 1201, 1213
List the prime factors of 2025124847.
17, 1933, 61627
List the prime factors of 51650673.
3, 53, 324847
List the prime factors of 71556574.
2, 35778287
List the prime factors of 3370872226.
2, 23, 3067, 23893
What are the prime factors of 13310210?
2, 5, 1031, 1291
What are the prime factors of 874145702?
2, 107, 139, 29387
List the prime factors of 115300178.
2, 7, 8235727
List the prime factors of 159318564.
2, 3, 13276547
What are the prime factors of 1286051318?
2, 47, 13681397
List the prime factors of 584816105.
5, 19, 383, 16073
List the prime factors of 9463198769.
83, 114014443
List the prime factors of 45806389.
41, 809, 1381
List the prime factors of 154819184.
2, 13, 269, 2767
List the prime factors of 67504423.
7, 2377, 4057
What are the prime factors of 540505093?
401, 1347893
What are the prime factors of 3046298?
2, 17, 89597
List the prime factors of 29163291.
3, 67, 145091
List the prime factors of 866145084.
2, 3, 7, 31, 487, 683
List the prime factors of 1321755958.
2, 37, 73, 307, 797
List the prime factors of 36483767.
36483767
List the prime factors of 665758695.
3, 5, 7, 223, 28433
List the prime factors of 74876482.
2, 37438241
List the prime factors of 1042546487.
1042546487
What are the prime factors of 22637225?
5, 13, 69653
What are the prime factors of 543421077?
3, 983, 184273
What are the prime factors of 467271868?
2, 7, 16688281
What are the prime factors of 4192879146?
2, 3, 31, 37, 609253
List the prime factors of 2169711012.
2, 3, 7, 1229, 21017
List the prime factors of 133541524.
2, 3943, 8467
List the prime factors of 579251318.
2, 127, 2280517
What are the prime factors of 1273667274?
2, 3, 11, 23, 53, 1759
List the prime factors of 51507764.
2, 7, 11, 23, 661
List the prime factors of 980030502.
2, 3, 11, 293, 1877
List the prime factors of 324107226.
2, 3, 349, 51593
What are the prime factors of 4016304752?
2, 251019047
List the prime factors of 845561069.
109, 7757441
What are the prime factors of 148438017?
3, 7, 13, 181243
What are the prime factors of 5708111358?
2, 3, 83, 11462071
List the prime factors of 3948955988.
2, 89, 11092573
What are the prime factors of 50850548?
2, 7, 1816091
What are the prime factors of 12363217?
37, 113, 2957
What are the prime factors of 575790867?
3, 17, 3763339
What are the prime factors of 2611187042?
2, 2371, 550651
List the prime factors of 64579270.
2, 5, 7, 922561
List the prime factors of 7254251.
421, 17231
What are the prime factors of 7683659719?
109, 1217, 57923
What are the prime factors of 370943057?
23, 239, 67481
What are the prime factors of 1590414925?
5, 11, 23, 22859
What are the prime factors of 112646741?
112646741
List the prime factors of 28726599.
3, 11, 293, 2971
List the prime factors of 446177149.
11, 40561559
What are the prime factors of 154069984?
2, 67, 71861
List the prime factors of 12948529.
11, 29, 40591
List the prime factors of 1213960229.
1031, 1177459
List the prime factors of 62371341.
3, 61, 103, 1103
What are the prime factors of 148733763?
3, 239, 283, 733
What are the prime factors of 443524783?
13, 653, 4019
What are the prime facto